5*i - 1. Let c(q) = 21*q**2 + 16*q + 2. Let w(n) = -7*a(n) - 2*c(n). Is w(3) a multiple of 15?
True
Let x be 4/6 + 4/3. Suppose -5*g - 4*k + 844 = -6*k, -k = -x*g + 338. Suppose 36 = 4*z - g. Is 15 a factor of z?
False
Is (6084/(-27))/((4 + 1)/(-60)) a multiple of 52?
True
Let j(g) = -g**3 - 16*g**2 + 89*g - 17. Does 32 divide j(-21)?
False
Suppose 0*t = -4*t + 80. Is 19 a factor of (1 - 8*-6) + t/(-5)?
False
Let i be ((-9)/(-15)*5)/(6/4). Suppose i*z - 301 = -4*k - 97, -4*k + z = -198. Does 10 divide k?
True
Let l = -154 + 198. Is l a multiple of 4?
True
Let n(x) = -7*x + 0*x - 8 + 8. Let b be n(-1). Let f(p) = 11*p - 1. Is 20 a factor of f(b)?
False
Let h = -41 + 41. Let m = h - -54. Does 9 divide m?
True
Let j = -176 - -331. Does 31 divide j?
True
Let h = 21 + -15. Suppose h*u - 21 = -9. Suppose 17 = q + 2*o, -4*q - u*o + 39 = -41. Does 21 divide q?
True
Suppose 4 = 4*f - 12. Let i(p) = 12*p + 581. Let j be i(-48). Suppose 25 = j*n - 3*b, -4*n - f*b - 28 = -8*n. Is n a multiple of 2?
True
Suppose 2*d + 75 = 3*k + 307, 0 = 2*k - 8. Suppose d = 3*t - 10. Does 15 divide t?
False
Let l(a) = -a**2 + 4*a + 3. Let u be 5/2*40/25. Let h be l(u). Suppose -h*s + 13 = 5*x - 104, 2*x = -2*s + 50. Does 7 divide x?
True
Suppose -2*h - 3*y = -13, 7 = h + y + 1. Suppose -4*a + h*a - 15 = 0. Let d = a + -9. Is d even?
True
Let g(v) = 0*v + 2*v + 3*v - 3 - 9 - 2*v**2. Let x be g(5). Let t = x + 68. Is t a multiple of 8?
False
Suppose 0 = -2*b - p + 4315, -b + 429 = p - 1727. Is 68 a factor of b?
False
Suppose -x + 11 = 9. Suppose t = 2*g + 84, 5*t - 444 = x*g - 0*g. Is t a multiple of 9?
True
Let p(l) = 2*l**3 + l. Let k = -16 - -17. Let f be p(k). Suppose -5*a + 224 = -f*h - 130, 4*a + 5*h = 298. Is a a multiple of 24?
True
Suppose 4 = v + 1. Suppose 6*c + 72 = v*c. Let h = c - -59. Does 17 divide h?
False
Let x(y) = -y**2 - 31*y + 8. Is x(-19) a multiple of 54?
False
Suppose -3*k = -4*y - 29, -2*k + 3*y = 2*k - 27. Suppose -5*q + 114 = 2*h, -k*h + 176 = -0*q + 5*q. Does 6 divide h?
False
Let z = 2040 - 412. Is 39 a factor of z?
False
Suppose 0 = 3*g - 2 - 13. Does 7 divide (-8)/g*(-750)/12?
False
Let t(u) = -u**3 + 182. Is 14 a factor of t(0)?
True
Let m(d) be the third derivative of -1/12*d**4 + 1/15*d**5 + 0*d - 5*d**2 + 0*d**3 + 0. Is 19 a factor of m(-4)?
False
Is 10 a factor of 34/85 - 376/(-10)?
False
Suppose -3*a - 2*a = 100. Let p = a + 30. Suppose 0 = -2*x - 3*k + p, 5*x - 6*k - 50 = -k. Is 5 a factor of x?
False
Let u = -261 + 458. Let o = u - 43. Is 22 a factor of o?
True
Let v = -4 + 8. Suppose 2*z = 3*z - v. Suppose z*j = -j + 45. Is j a multiple of 6?
False
Let q(w) = w**3 - 5*w**2 - 6*w + 9. Let l be q(6). Suppose -5*d + 15 = 0, -d = -3*a - 2*d - 195. Let g = l - a. Is g a multiple of 28?
False
Let g be (4/(-8) - 0)*-26. Let f = -31 + g. Is 2 - (-4)/((-8)/f) a multiple of 11?
True
Suppose 3*f = -2*y + 4*y + 94, 0 = f. Is 15 a factor of (5/(-4))/(-4 + y/(-12))?
True
Let z(j) = -j**3 - 37*j**2 - 35*j - 75. Is z(-37) a multiple of 61?
True
Suppose 2*y + 3*v = 10, -2*v = -v - 2. Suppose 37 = 3*h - 2*j - 219, -159 = -y*h - j. Is h a multiple of 41?
True
Suppose 6 = 7*h - 6*h. Suppose h = -t + 3*t. Does 3 divide t?
True
Is ((-260)/16)/(-5)*(-4 - -176) a multiple of 13?
True
Let u = 125 + -55. Is 5 a factor of u?
True
Let b = 600 - 240. Is 60 a factor of b?
True
Let j be 5/15 - 28/(-6). Let b(u) = 9*u - u**2 - j + 5*u - u + u. Does 4 divide b(12)?
False
Let v(h) = -7*h**2 - 15*h - 31. Let o(z) = -20*z**2 - 45*z - 92. Let y(l) = -6*o(l) + 17*v(l). Is 11 a factor of y(-14)?
True
Suppose -2*j + 7 = 11. Does 30 divide (j - 86)/((-12)/18)?
False
Let h(u) = 110*u + 2. Let y = 8 + -7. Let c be h(y). Suppose 0 = 3*s + 1 - c. Is s a multiple of 16?
False
Suppose -4*w + 12 = -0*w. Suppose 310 = 5*i - 5*t, 2*i - 3*t = w*i - 66. Is 26 a factor of i?
False
Let d(g) = -4 - 11*g - 1 + 2 - 9*g - g**2. Is 16 a factor of d(-19)?
True
Suppose -5*t + 3 = -2*z, z + 7*t - 18 = 3*t. Is 7 a factor of (-1)/(z/(-2)) + 292/6?
True
Let o = 13 + -6. Suppose 0 = o*u - 102 - 17. Is 6 a factor of u?
False
Suppose -1198 = -4*y + 2*n, -3*y + 3*n = -39 - 858. Does 20 divide y?
True
Suppose 3*m - 2*f + 384 = 1702, 5*m - 3*f - 2198 = 0. Is m a multiple of 13?
True
Let l = 2042 + -1646. Is l a multiple of 9?
True
Suppose 0 = 4*g + 5*r - 1 + 3, -g = 4*r + 6. Let z be (-1)/g - (-81)/6. Let h(u) = -u**3 + 13*u**2 + u + 11. Does 12 divide h(z)?
True
Let w be ((-8)/5)/((-5)/(-550)). Does 8 divide 16/24 + w/(-6)?
False
Let l(o) = -o**2 - 9*o + 9. Let y(j) = 2*j + 13. Let u be y(-10). Is l(u) a multiple of 23?
True
Let f = 3 - 3. Suppose 4 = -2*v, v + 17 = -f*o + o. Does 15 divide o?
True
Suppose -3*x = 2*x - 40. Let i be (x/6)/(24/54). Is i*68*(-1)/(-2) a multiple of 26?
False
Suppose -x = -4*s - 28, -s - 3*s = 4. Let n be (0 + -2 + -42)*1/(-4). Suppose 5*k - n = x. Does 7 divide k?
True
Let s = 69 - 179. Let l be (-14)/(-63) + s/9. Is (-2)/(-4) + (-30)/l a multiple of 2?
False
Let p(b) = 94*b + 32. Is 11 a factor of p(2)?
True
Let w = -36 + 36. Is 20 a factor of (20/(-160) - 2697/(-8)) + w?
False
Suppose 6*d - 42*d = -7488. Is 13 a factor of d?
True
Let k(p) = -21*p - 147. Is k(-9) a multiple of 3?
True
Let f be (-464)/6 - (8/3 - 3). Is 6 a factor of (f + -1)/(3/(-2))?
False
Let q(v) = v**3 + 20*v**2 + 37*v + 34. Is q(-18) a multiple of 16?
True
Let y(t) = 0 - 14*t + 50*t + 3. Does 23 divide y(3)?
False
Let q(b) = 6*b**2 + 5*b - 1. Let w be q(-3). Let j = w + 34. Is 7 a factor of j?
False
Let h = 13 + -11. Suppose a = 0, -2*f = h*f - a - 4. Does 19 divide -5*(3 + -8)/f?
False
Let c be -3*(-10)/12*(3 + -1). Suppose r = 3*x + c + 22, r + 3*x - 21 = 0. Is r a multiple of 3?
True
Suppose -4*s + 3*j - 5*j = -1532, -3*s = j - 1149. Is 12 a factor of s?
False
Let s(j) = j**3 + 4*j**2 + 4*j + 14. Let a be s(-4). Is a*(-62)/2 - -4 a multiple of 13?
False
Let z = -780 + 1455. Does 75 divide z?
True
Let c = 220 + -130. Does 10 divide c?
True
Let b be (8 + 3)/(-1)*1. Let y(z) = -z**2 - 11*z + 2. Let m be y(b). Suppose -m*d + 75 = -d. Is d a multiple of 15?
True
Suppose -15*a + 15293 - 5093 = 0. Is 40 a factor of a?
True
Let g = 112 + -200. Let n = -49 - g. Does 39 divide n?
True
Let z(w) = 121*w**2 - 3*w - 4. Let p = 22 + -23. Does 40 divide z(p)?
True
Let g(q) = -25*q - 14. Let u = 102 + -106. Does 5 divide g(u)?
False
Does 11 divide (-6 - 2)*(-4)/16*2537?
False
Let u(f) = 11*f + 10. Let m be u(-3). Let p = -26 - m. Is 9 a factor of (-239)/(-4) + p/4?
False
Let j = 8 - 3. Suppose 7*l = 8*l - j. Suppose l*c = 12*c - 504. Is c a multiple of 36?
True
Let m(k) = -k + 17. Let x be m(9). Let g be 73*12*(-4)/x. Does 27 divide g/(-8) - 18/24?
True
Let u(d) = 14*d - 2. Let k = -57 + 64. Is 14 a factor of u(k)?
False
Suppose -8734 = -j - 10*j. Is j a multiple of 19?
False
Suppose 48 + 12 = 5*o. Let b = 15 - o. Is 20/b*(-45)/(-6) a multiple of 10?
True
Does 22 divide (0 + -660)*154/(-55)?
True
Suppose 0 = -22*s - 1754 + 5978. Does 32 divide s?
True
Is 19 a factor of 3290*(-48)/(-196)*49/14?
False
Suppose -3*j = -3*r + 18, -2*r = -0*r - 4*j - 12. Let n(t) = t**2 + 0*t**2 + 3*t + 2 - t - r. Is 11 a factor of n(5)?
False
Suppose d + 63 - 195 = 3*q, -5*d - q = -660. Does 6 divide d?
True
Let n = -5 - -7. Suppose 5*u - u - d - 164 = 0, n*d = 3*u - 128. Suppose a - 3*i = u - 7, 0 = 2*a - i - 71. Is a a multiple of 12?
True
Suppose -y - 3*y - 104 = 0. Is 12 a factor of (y/(-65))/(2/470)?
False
Let d(w) = -10*w - 2. Let j be d(-1). Let u be (124/j)/((-1)/(-2)). Suppose -u = -g + 23. Is g a multiple of 18?
True
Let c be (-6)/(-8) + 141/4. Let p = c - -29. Let v = 119 - p. Is 24 a factor of v?
False
Suppose -r - 12 = -b, -r - 39 = -2*b - 4*r. Does 4 divide (b/(-9) - -3) + 88/24?
False
Let l(x) be the second derivative of -x**4/12 + 3*x**3/2 - 5*x**2 + 18*x. Is 10 a factor of l(4)?
True
Suppose 76*x - 75*x - 1984 = 0. Does 16 divide x?
True
Let f be 40/16*4/2. Suppose -f*t = -205 - 100. Let c = t + -27. Is 18 a factor of c?
False
Let v = 38 + -36. Suppose 2*a + a + 30 = 4*d, -v*d = 4*a - 26. Let r(q) = -q**3 + 9*q**2 + q - 6. Does 3 divide r(d)?
True
Let y(l) = 16*l - 39. Let v(c) = -c**3 + 16*c**2 + c - 7. Let t be v(16). Is 7 a factor of y(t)?
True
Suppose 0 = 13*p - 17*p. Suppose p = -4*i + 3*i. Is 1*(9 - (4 - i)) 